{"id":73,"date":"2019-07-11T19:14:30","date_gmt":"2019-07-11T19:14:30","guid":{"rendered":"http:\/\/xn--grler-hra.ruhr\/?page_id=73"},"modified":"2019-09-29T10:21:50","modified_gmt":"2019-09-29T10:21:50","slug":"backtradition","status":"publish","type":"page","link":"http:\/\/xn--grler-hra.ruhr\/?page_id=73","title":{"rendered":"Backtradition"},"content":{"rendered":"\n<p>Backen ist unsere Leidenschaft und Teil unserer DNA! Bereits in der dritten Generation versorgen wir Sie mit schmackhaften Backwaren. So wurde 1931 unsere erste B\u00e4ckerei er\u00f6ffnet. 1990 legt Stefan Gr\u00e4ler seine Meisterpr\u00fcfung im B\u00e4ckerhandwerk ab, seit 1998 leitet er mit seiner Frau die Gesch\u00e4fte. <\/p>\n\n\n\n<ul class=\"wp-block-gallery columns-3 is-cropped wp-block-gallery-1 is-layout-flex wp-block-gallery-is-layout-flex\"><li class=\"blocks-gallery-item\"><figure><img loading=\"lazy\" decoding=\"async\" width=\"768\" height=\"513\" src=\"http:\/\/xn--grler-hra.ruhr\/wp-content\/uploads\/2019\/09\/unbenannte-Fotosession-6877.jpg\" alt=\"\" data-id=\"151\" data-link=\"http:\/\/xn--grler-hra.ruhr\/?attachment_id=151\" class=\"wp-image-151\" srcset=\"http:\/\/xn--grler-hra.ruhr\/wp-content\/uploads\/2019\/09\/unbenannte-Fotosession-6877.jpg 768w, http:\/\/xn--grler-hra.ruhr\/wp-content\/uploads\/2019\/09\/unbenannte-Fotosession-6877-300x200.jpg 300w\" sizes=\"auto, (max-width: 768px) 100vw, 768px\" \/><\/figure><\/li><li class=\"blocks-gallery-item\"><figure><img loading=\"lazy\" decoding=\"async\" width=\"768\" height=\"513\" src=\"http:\/\/xn--grler-hra.ruhr\/wp-content\/uploads\/2019\/09\/unbenannte-Fotosession-6926.jpg\" alt=\"\" data-id=\"169\" data-link=\"http:\/\/xn--grler-hra.ruhr\/?attachment_id=169\" class=\"wp-image-169\" srcset=\"http:\/\/xn--grler-hra.ruhr\/wp-content\/uploads\/2019\/09\/unbenannte-Fotosession-6926.jpg 768w, http:\/\/xn--grler-hra.ruhr\/wp-content\/uploads\/2019\/09\/unbenannte-Fotosession-6926-300x200.jpg 300w\" sizes=\"auto, (max-width: 768px) 100vw, 768px\" \/><\/figure><\/li><li class=\"blocks-gallery-item\"><figure><img loading=\"lazy\" decoding=\"async\" width=\"768\" height=\"513\" src=\"http:\/\/xn--grler-hra.ruhr\/wp-content\/uploads\/2019\/09\/unbenannte-Fotosession-6910.jpg\" alt=\"\" data-id=\"166\" data-link=\"http:\/\/xn--grler-hra.ruhr\/?attachment_id=166\" class=\"wp-image-166\" srcset=\"http:\/\/xn--grler-hra.ruhr\/wp-content\/uploads\/2019\/09\/unbenannte-Fotosession-6910.jpg 768w, http:\/\/xn--grler-hra.ruhr\/wp-content\/uploads\/2019\/09\/unbenannte-Fotosession-6910-300x200.jpg 300w\" sizes=\"auto, (max-width: 768px) 100vw, 768px\" \/><\/figure><\/li><\/ul>\n","protected":false},"excerpt":{"rendered":"<div class=\"entry-summary\">\nBacken ist unsere Leidenschaft und Teil unserer DNA! Bereits in der dritten&hellip;\n<\/div>\n<div class=\"link-more\"><a href=\"http:\/\/xn--grler-hra.ruhr\/?page_id=73\" class=\"more-link\">Continue reading<span class=\"screen-reader-text\"> &ldquo;Backtradition&rdquo;<\/span>&hellip;<\/a><\/div>\n","protected":false},"author":1,"featured_media":0,"parent":0,"menu_order":0,"comment_status":"closed","ping_status":"closed","template":"","meta":{"_monsterinsights_skip_tracking":false,"_monsterinsights_sitenote_active":false,"_monsterinsights_sitenote_note":"","_monsterinsights_sitenote_category":0,"footnotes":""},"class_list":["post-73","page","type-page","status-publish","hentry","entry"],"_links":{"self":[{"href":"http:\/\/xn--grler-hra.ruhr\/index.php?rest_route=\/wp\/v2\/pages\/73","targetHints":{"allow":["GET"]}}],"collection":[{"href":"http:\/\/xn--grler-hra.ruhr\/index.php?rest_route=\/wp\/v2\/pages"}],"about":[{"href":"http:\/\/xn--grler-hra.ruhr\/index.php?rest_route=\/wp\/v2\/types\/page"}],"author":[{"embeddable":true,"href":"http:\/\/xn--grler-hra.ruhr\/index.php?rest_route=\/wp\/v2\/users\/1"}],"replies":[{"embeddable":true,"href":"http:\/\/xn--grler-hra.ruhr\/index.php?rest_route=%2Fwp%2Fv2%2Fcomments&post=73"}],"version-history":[{"count":3,"href":"http:\/\/xn--grler-hra.ruhr\/index.php?rest_route=\/wp\/v2\/pages\/73\/revisions"}],"predecessor-version":[{"id":180,"href":"http:\/\/xn--grler-hra.ruhr\/index.php?rest_route=\/wp\/v2\/pages\/73\/revisions\/180"}],"wp:attachment":[{"href":"http:\/\/xn--grler-hra.ruhr\/index.php?rest_route=%2Fwp%2Fv2%2Fmedia&parent=73"}],"curies":[{"name":"wp","href":"https:\/\/api.w.org\/{rel}","templated":true}]}}

<p>Backen ist unsere Leidenschaft und Teil unserer DNA! Bereits in der dritten Generation versorgen wir Sie mit schmackhaften Backwaren. So wurde 1931 unsere erste Bäckerei eröffnet. 1990 legt Stefan Gräler seine Meisterprüfung im Bäckerhandwerk ab, seit 1998 leitet er mit seiner Frau die Geschäfte. </p>



<ul class="wp-block-gallery columns-3 is-cropped wp-block-gallery-1 is-layout-flex wp-block-gallery-is-layout-flex"><li class="blocks-gallery-item"><figure><img loading="lazy" decoding="async" width="768" height="513" src="http://xn--grler-hra.ruhr/wp-content/uploads/2019/09/unbenannte-Fotosession-6877.jpg" alt="" data-id="151" data-link="http://xn--grler-hra.ruhr/?attachment_id=151" class="wp-image-151" srcset="http://xn--grler-hra.ruhr/wp-content/uploads/2019/09/unbenannte-Fotosession-6877.jpg 768w, http://xn--grler-hra.ruhr/wp-content/uploads/2019/09/unbenannte-Fotosession-6877-300x200.jpg 300w" sizes="auto, (max-width: 768px) 100vw, 768px" /></figure></li><li class="blocks-gallery-item"><figure><img loading="lazy" decoding="async" width="768" height="513" src="http://xn--grler-hra.ruhr/wp-content/uploads/2019/09/unbenannte-Fotosession-6926.jpg" alt="" data-id="169" data-link="http://xn--grler-hra.ruhr/?attachment_id=169" class="wp-image-169" srcset="http://xn--grler-hra.ruhr/wp-content/uploads/2019/09/unbenannte-Fotosession-6926.jpg 768w, http://xn--grler-hra.ruhr/wp-content/uploads/2019/09/unbenannte-Fotosession-6926-300x200.jpg 300w" sizes="auto, (max-width: 768px) 100vw, 768px" /></figure></li><li class="blocks-gallery-item"><figure><img loading="lazy" decoding="async" width="768" height="513" src="http://xn--grler-hra.ruhr/wp-content/uploads/2019/09/unbenannte-Fotosession-6910.jpg" alt="" data-id="166" data-link="http://xn--grler-hra.ruhr/?attachment_id=166" class="wp-image-166" srcset="http://xn--grler-hra.ruhr/wp-content/uploads/2019/09/unbenannte-Fotosession-6910.jpg 768w, http://xn--grler-hra.ruhr/wp-content/uploads/2019/09/unbenannte-Fotosession-6910-300x200.jpg 300w" sizes="auto, (max-width: 768px) 100vw, 768px" /></figure></li></ul>
